be 798/r + 4/18. What is the highest common factor of x and o?
15
Let b be (-9)/((-45)/(-10)) + 100 - 8. Let c(k) = 224*k**2 - 3*k - 2. Let x be c(-1). Calculate the greatest common factor of x and b.
45
Let q(o) = 3*o**2 + 2*o + 12. Let g be q(-4). Let w(x) = -64*x**3 - 3*x - 2. Let s be w(-1). Calculate the greatest common divisor of g and s.
13
Suppose -52 = -3*u - 5*y, -5*u - 7*y + 100 = -2*y. Let i be (-6480)/(-56) - 8 - 6/(-21). Calculate the highest common divisor of i and u.
12
Let t be ((-87)/2)/(5/((-20)/(-2))). Let z be (6 - -2)/(2 + t/44). What is the greatest common divisor of z and 32?
32
Let p = -2320 + 2568. Calculate the highest common divisor of 62 and p.
62
Let n be 3480/(-18)*((-153)/340)/(6/16). What is the greatest common divisor of n and 1102?
58
Suppose -3*t - f = -6007, -16*t + 4000 = -14*t - 4*f. What is the greatest common factor of 66 and t?
22
Let m = -354 + 344. Let s be ((-980)/(-35))/((-1)/m). Calculate the greatest common divisor of 8 and s.
8
Let h be 8 + -1 + (-13)/(390/(-90)). Suppose -6*b + 650 = -b. What is the highest common factor of h and b?
10
Let a(b) = 17*b - 4. Let j(z) = -11*z + 3. Let p(n) = 5*a(n) + 8*j(n). Let x = 728 - 728. Let w be p(x). What is the highest common divisor of w and 20?
4
Let o = -1 - -80. Suppose -o*s = -74*s - 50. Suppose -40 = s*w - 11*w. Calculate the highest common factor of 50 and w.
10
Let x(h) = -2*h**3 + h**2 - 65*h - 279. Let z be x(-9). What is the highest common factor of z and 90?
45
Suppose 0 = 5*m - s - 301, 2*m - 4*s = 17 + 89. Let d be -5 - 1 - (-71 + m). Calculate the highest common factor of 12 and d.
4
Let w(q) = 108*q - 4. Let s be w(3). Suppose 0 = 4*r - 2*y - 112, -83*r = -81*r - 6*y - 136. What is the greatest common divisor of r and s?
20
Let p = 249 + -121. Let l(m) = 2*m**2 - 18*m - 4. Let w be l(-1). Calculate the highest common divisor of p and w.
16
Let b = 209 - 86. Suppose -12*r + 177 = -b. Calculate the highest common factor of 5 and r.
5
Suppose 4*x - 11 - 9 = 0. Suppose -x = -o + 4. Suppose -38 - 655 = -11*r. Calculate the greatest common divisor of o and r.
9
Suppose -3855*n + 15808 = -3851*n. What is the highest common divisor of n and 114?
38
Suppose -4*n - 4*j + 316 = 0, n + 8*j - 75 = 3*j. What is the highest common divisor of 70 and n?
10
Let v = -47 + 112. Suppose -35*d + 46*d = 286. Calculate the greatest common divisor of d and v.
13
Suppose -4*x + g + 232 = 0, 1307*g - 128 = -2*x + 1306*g. Let b = -472 - -700. Calculate the highest common divisor of b and x.
12
Let j(t) = -12*t + 96. Let s be j(8). Suppose 8*y = -3*n + 3*y + 213, -3*y = s. Calculate the greatest common divisor of 923 and n.
71
Suppose -15 = 4*h - 4*y - 99, -2*h + 51 = -5*y. Suppose 0 = 3*c - 5*t - 1478, 894 + 86 = 2*c - 2*t. What is the highest common factor of c and h?
18
Let y be 910/(-20)*(3 - 150/42). Calculate the greatest common divisor of y and 86.
2
Let t(p) = p**3 + 5*p**2 - 23*p - 20. Let o be t(-7). Calculate the greatest common factor of 6364 and o.
43
Let f = 10995 + -10945. What is the highest common divisor of f and 8?
2
Suppose -12*t - 2148 = -8508. Let b = t - 478. Calculate the highest common divisor of 156 and b.
52
Let a be 90/(-27) - 4/6. Let v be a*305/(-20) - -1. Let l = v + 142. What is the greatest common divisor of 12 and l?
12
Let k(u) = -3*u - 4. Let y be k(-6). Let g(q) = q**3 - 4*q**2 - 74*q - 41. Let d be g(13). What is the highest common factor of d and y?
14
Suppose -4*v + 47 + 1 = 0. Let m = -769 - -769. Suppose m = -194*c + 189*c - 2*i + 656, 0 = 3*c + 2*i - 392. Calculate the highest common factor of v and c.
12
Let c(x) = -3*x**2 - 39*x + 34. Let q be c(-11). What is the highest common factor of q and 10925?
25
Suppose -a + l + 23 = 0, -2*a + 6*a + l = 102. Suppose 23*y + 60 = a*y. What is the highest common factor of 135 and y?
15
Suppose -5*q + 10541 = r, -53*q + 52*q + 4*r + 2104 = 0. What is the greatest common factor of q and 51?
17
Let o(n) = -475*n + 45. Let d be o(0). What is the greatest common factor of d and 410?
5
Let w = 5186 + -4552. What is the highest common factor of 6 and w?
2
Let t(o) = -o**3 - 13*o**2 - 19*o + 41. Let x be t(-11). Let i be (-111)/(-185) + (-437)/(-5). What is the greatest common factor of x and i?
8
Let f(w) = -w**3 - 40*w**2 + w + 44. Let o be f(-40). Suppose -4*i = -o*m, -3*m + 1 = -i - 5. Calculate the highest common factor of m and 16.
1
Let u = 341 + -285. Let r = -27 + u. Let b(k) = 6*k**2 - 7*k + 3. Let n be b(-6). Calculate the highest common divisor of n and r.
29
Suppose -3*v - 178 = 5*i - 1903, 4*v = 2*i + 2300. Calculate the highest common divisor of v and 100.
25
Let c = -409 + 2008. Let o(s) = 61*s - 22. Let w be o(1). What is the highest common divisor of w and c?
39
Let s(v) = 15*v**2 + v - 2. Let k be s(1). Let h be 4 - (2/(-3) + 9408/(-63)). Calculate the greatest common divisor of k and h.
14
Suppose -4*w + 7309 = i - 489, 7796 = 4*w + 2*i. What is the greatest common divisor of 750 and w?
150
Let h(j) = 4*j**3 - 3*j**2 - 63*j - 28. Let y be h(6). Calculate the highest common factor of 1850 and y.
50
Let x be 3 + -4 - (-22)/(-2). Let o be 6/(x/(-10)) - (-7 - -3). Calculate the greatest common factor of 99 and o.
9
Let s(v) = -v**2 + 2*v - 1 + 0*v + 5 + 4*v. Let k be s(5). What is the highest common factor of 27 and k?
9
Let g = 41 - -65. Suppose 184 + 46 = -5*u. Let o be 1/2 - 2415/u. Calculate the greatest common factor of o and g.
53
Suppose -257*g = -256*g - 2, -4*h + 4*g + 2872 = 0. Calculate the highest common factor of h and 1350.
90
Let g be (49 + -48)/(6/(132850 + -4)). What is the highest common factor of 14 and g?
7
Let s(p) = 8*p + 7719. Let x be s(30). What is the highest common factor of 21 and x?
21
Let t = 11 + -8. Let o(c) = c**3 - 2*c**2 - 93*c - 33. Let b be o(11). What is the greatest common divisor of b and t?
3
Suppose 10*g + 132*g = 6816. Calculate the greatest common factor of g and 636.
12
Let h(c) = 20*c - 20. Let k be h(5). Let j = -1008 - -1068. Calculate the highest common factor of k and j.
20
Let z be (6/(-45) - 16/(-120)) + 4. Suppose 4*t - 8*g + 3*g = 3207, -3*t + 2413 = z*g. What is the greatest common factor of 73 and t?
73
Let x(w) = -634*w + 29. Let h be x(-1). Let j = h + -624. What is the greatest common factor of j and 416?
13
Let s be 26*((-65)/2)/13. Let f = s - -81. Calculate the highest common factor of 4 and f.
4
Let a = 1398 - 1391. What is the greatest common factor of a and 83?
1
Let f(y) = -y**3 - 11*y**2 + 11*y - 12. Let r be f(-12). Suppose r = -11*m + 10*m + 2. Suppose m*b = 32 + 56. What is the greatest common divisor of b and 22?
22
Let c(g) = 2*g**2 - 7*g + 5. Let y be 42/16 - (-45)/120. Suppose -y = -3*n, -x = 2*n - n - 5. Let s be c(x). What is the greatest common factor of 18 and s?
9
Let i = 21 - 14. Let n be 3*1 + (14 - 7)/i. Suppose -n*o = -4*l - 48, -2*o - 4*l + 14 = 2. What is the highest common divisor of o and 80?
10
Let i(w) = -277*w - 5504. Let b be i(-20). Let d be -2 + 3 - 25*-5. What is the highest common divisor of d and b?
18
Suppose -38*p - 4050 + 26861 + 13061 = 0. Calculate the highest common factor of 177 and p.
59
Let a be 0 + (10/5)/1. Suppose -148 = -4*j + 2*v, -3*j = -a*v - 3*v - 118. Suppose -38*q + 50 = -j*q. Calculate the highest common divisor of q and 5.
5
Suppose -t = -0*t - 3. Let v(m) = -8*m - 20. Let s(x) = -95*x - 240. Let j(h) = t*s(h) - 35*v(h). Let g be j(-7). What is the highest common factor of g and 30?
15
Let j be (-1*(2 + -2))/(-2). Suppose j = -w + 70 + 44. Let t = 195 - 157. What is the greatest common divisor of t and w?
38
Suppose 13*u - 1554 = 6*u. Let p = 289 - u. What is the greatest common factor of p and 67?
67
Let m = -205 - -307. Calculate the highest common divisor of 2703 and m.
51
Let b(m) = 2*m**2 + 3*m + 2. Let v be b(-2). Suppose 766 - 158 = 19*j. Suppose -h + 3*h = j. Calculate the highest common factor of v and h.
4
Suppose -13*l = 42*l - 264 - 671. Suppose 4*r = i - 1, 0 = -5*r + 2*i - 4 + 2. Suppose r*m + 5*m = 765. Calculate the highest common factor of m and l.
17
Let j = 23 - -3577. What is the highest common factor of j and 144?
144
Let h = -9113 + 9316. What is the greatest common factor of 986 and h?
29
Suppose -161*w + 110*w = -306051. What is the g